s -11333320 + -13300?
-12013220
In base 2, what is -11001 - 11110001001101001011?
-11110001001101100100
In base 11, what is 6 + 351655?
351660
In base 3, what is 122121110122 + -1012?
122121102110
In base 3, what is 10 + 21022021122011?
21022021122021
In base 16, what is 13aa + 8ea?
1c94
In base 6, what is 1 + 425413440?
425413441
In base 12, what is -1520b6 + 15?
-1520a1
In base 13, what is 184 + -71494?
-71310
In base 9, what is -23748 - 617?
-24466
In base 15, what is -15c3 + -686?
-1c59
In base 3, what is 20122212 + -101121111?
-10221122
In base 4, what is -31 + -2320122123333?
-2320122130030
In base 14, what is -571583 + 3?
-571580
In base 2, what is 10111110111000100 + 1010101101?
11000000001110001
In base 16, what is -5eba59 + 11?
-5eba48
In base 5, what is 1210223 - -2333?
1213111
In base 11, what is -4998 - 13932?
-1881a
In base 8, what is 1660462 - 5?
1660455
In base 4, what is -302331 + 30002?
-212323
In base 2, what is -10010000000101111100111 + -101?
-10010000000101111101100
In base 15, what is 6 - 3ac9485?
-3ac947e
In base 14, what is 5 + 8833?
8838
In base 4, what is 1231302 - -103302011?
111133313
In base 5, what is -3114302 - 2214?
-3122021
In base 12, what is -a834 - 421?
-b055
In base 2, what is -101001001010 - 101010011?
-101110011101
In base 10, what is -8756666 - -1?
-8756665
In base 12, what is -3656 - 13091?
-16727
In base 3, what is 1 - -200102202220121?
200102202220122
In base 16, what is -c99 + -1932?
-25cb
In base 9, what is 21750402 + -3?
21750388
In base 6, what is 0 + -1142311525?
-1142311525
In base 8, what is -2263 + 4?
-2257
In base 9, what is 188 - 853?
-654
In base 14, what is 100bb38 - 4?
100bb34
In base 3, what is 110121 - 222121220?
-222011022
In base 3, what is 2 - 111110212021002?
-111110212021000
In base 14, what is 82d + -25a04?
-251b5
In base 6, what is 34204321 - 3052?
34201225
In base 5, what is -1042 - 20023333?
-20024430
In base 15, what is -36734 - -1b9?
-3656a
In base 2, what is 10 - 11000100001111010100010?
-11000100001111010100000
In base 15, what is -3eb + 42ea2?
42aa6
In base 8, what is -23 + 22141613?
22141570
In base 12, what is -11a2b0 - -2a0?
-11a010
In base 11, what is 197911a + 1?
1979120
In base 15, what is -a37e15d - 2?
-a37e160
In base 16, what is 4eb - -48cc?
4db7
In base 9, what is 24 + 75102?
75126
In base 5, what is 40 + -20143223100?
-20143223010
In base 14, what is -1 + -14bc29?
-14bc2a
In base 8, what is -2327555315 - 0?
-2327555315
In base 15, what is -2a + 2202?
21c7
In base 11, what is 9415 - -3093?
114a8
In base 2, what is -10 + 100010110100010111101001?
100010110100010111100111
In base 3, what is 2 - 1112101100100220?
-1112101100100211
In base 6, what is 534132553 - 2?
534132551
In base 6, what is -1102433 - -2245?
-1100144
In base 6, what is -20 - -12440254112?
12440254052
In base 15, what is 1 - 6ee8112?
-6ee8111
In base 7, what is -263606013 - -1?
-263606012
In base 10, what is 269148 + 47?
269195
In base 5, what is 23222323100 - 1?
23222323044
In base 6, what is 35442 + 42215?
122101
In base 11, what is -10747a + 6?
-107474
In base 6, what is 524421 - 10034?
514343
In base 8, what is 555650 + -53?
555575
In base 12, what is -1873b - -107a?
-17681
In base 2, what is -101010101101110001110010 - 0?
-101010101101110001110010
In base 16, what is -5db4 - 1159?
-6f0d
In base 14, what is -bc2 - -a0d?
-1b3
In base 2, what is 10111 - -100100011110110111010?
100100011110111010001
In base 10, what is -41824202 - -29?
-41824173
In base 5, what is -1 - -134110122344?
134110122343
In base 7, what is -100 - 1150250?
-1150350
In base 11, what is -407a - -603?
-3577
In base 13, what is 79086 - 77?
7900c
In base 4, what is -121 - 120122020?
-120122201
In base 6, what is 5 + 230450504?
230450513
In base 9, what is -64617 + -1318?
-66036
In base 3, what is 1222211021 + 10012201?
2010000222
In base 2, what is -11101010110001001101000000 - -101?
-11101010110001001100111011
In base 6, what is 5513205240 + 3?
5513205243
In base 12, what is -1b09a66 - -52?
-1b09a14
In base 2, what is 11001 + -100011110010111111?
-100011110010100110
In base 15, what is -4e181 + -24?
-4e1a5
In base 14, what is -b7a1 + 7ad?
-add2
In base 7, what is 14 + 215345?
215362
In base 14, what is -33 + 1bc43?
1bc10
In base 6, what is 515034 - -1202?
520240
In base 5, what is 41043131132 + -3?
41043131124
In base 7, what is 55056616 - -4?
55056623
In base 14, what is -266d877 - -9?
-266d86c
In base 6, what is 1 - -14332201030?
14332201031
In base 3, what is 12221220210 + 10010220?
20002001200
In base 6, what is -555434143 - 0?
-555434143
In base 16, what is 286 - -1585e?
15ae4
In base 8, what is -362715163 + 5?
-362715156
In base 11, what is -4488 + 17a?
-4309
In base 9, what is 463 - 11021?
-10447
In base 16, what is 14ab3 + 44d?
14f00
In base 6, what is 142444 - -1312?
144200
In base 5, what is 1402120 - 2443?
1344122
In base 5, what is 4320311 + 124?
4320440
In base 11, what is 20 + -142a1026?
-142a1006
In base 9, what is -24213 - 5?
-24218
In base 7, what is -6651463 + -20?
-6651513
In base 7, what is 3 - 111404643?
-111404640
In base 9, what is 3643407 + -16?
3643381
In base 10, what is -2667078 - 4?
-2667082
In base 13, what is 1602 + 7559?
8b5b
In base 14, what is b + -db9c62?
-db9c55
In base 2, what is -10101110000 - -11011010000101?
11000100010101
In base 4, what is 112010123 + -2113?
112002010
In base 5, what is 13034 - 30004012?
-24440423
In base 2, what is -1110000000111111111 + 11101?
-1110000000111100010
In base 11, what is -4 + -1092a436?
-1092a43a
In base 10, what is 11857 + -2964?
8893
In base 6, what is 2424 + 5553312?
10000140
In base 15, what is 38dc377 + -10?
38dc367
In base 9, what is -31 + 3108652?
3108621
In base 6, what is -2 - -12513040?
12513034
In base 11, what is 566 - 26772?
-26207
In base 9, what is 22 - 6407110?
-6407077
In base 8, what is 43155 + -2171?
40764
In base 3, what is 2 - 1211000021000101?
-1211000021000022
In base 10, what is 2539 + -28899?
-26360
In base 8, what is 32072 + -10137?
21733
In base 2, what is 110001111000011 + -100110011?
110001010010000
In base 14, what is 21c41ca + -4?
21c41c6
In base 15, what is -1050 - 30ce?
-412e
In base 13, what is 2 - -196bcb2?
196bcb4
In base 12, what is -22 + -450a5?
-45107
In base 5, what is -23 - 221230431?
-221231004
In base 5, what is 2431410141 - -2?
2431410143
In base 3, what is -2 - 11121022201020?
-11121022201022
In base 11, what is -212351 - 33?
-212384
In base 6, what is 2523055202 - 5?
2523055153
In base 6, what is -103440 - 115014?
-222454
In base 6, what is -15 - -101020300?
101020241
In base 16, what is 14b - -104f?
119a
In base 16, what is 471 + d21?
1192
In base 15, what is -ea1 + c27?
-279
In base 2, what is 101001000101011111110 - 111110100?
101001000100100001010
In base 13, what is 2 - 25145a3?
-25145a1
In base 2, what is 1000011101000101111111010 - -10010?
1000011101000110000001100
In base 8, what is 126 + 637147?
637275
In base 8, what is 47704351 - 3?
47704346
In base 11, what is -2686 + 141?
-2545
In base 10, what is 204044845 + -2?
204044843
In base 9, what is -343 + -21150?
-21503
In base 5, what is 3 + 402400104?
402400112
In base 13, what is 3b20a55 - 7?
3b20a4b
In base 8, what is -3553 + 7536?
3763
In base 6, what is 3 - 4252535152?
-4252535145
In base 4, what is -132 - -20310113?
20303321
In base 10, what is 953191 + -191?
953000
In base 2, what is -1101111101101010011001 - 1010?
-1101111101101010100011
In base 5, what is 0 - 103401430?
-103401430
In base 2, what is -11000000110111100 - -11011010?
-11000000011100010
In base 5, what is -113233 + -321?
-114104
In base 8, what is -10 - 1016635?
-1016645
In base 8, what is 76544 + -754?
75570
In base 8, what is -1620 + -447352?
-451172
In base 16, what is 0 - -e9706?
e9706
In base 3, what is 121100201110001201 + 1?
121100201110001202
In base 2, what is -110011000000 - -1110111111100?
1000100111100
In base 14, what is 79172 - -283?
79415
In base 4, what is -1301032 - 22010?
-1323102
In base 13, what is -429 - 34685?
-34ab1
In base 4, what is -1113120 - -10320?
-1102200
In base 13, what is -a1 - 16295?
-16366
In base 7, what is -12 + 33221204?
33221162
In base 15, what is 5bd89 + -86?
5bd03
In base 3, what is -1210010011200020 - -12?
-1210010011200001
In base 7